or of d and 4182.
102
Let d(v) = v**2 - 32*v + 33. Let a be d(31). Suppose l - a*u - 106 = 149, 5*u + 270 = l. What is the highest common divisor of 70 and l?
35
Let b = 21 + -1. Let t(h) = -h**2 + 16*h + 25. Let y be 156/10 - (-21)/(-35). Let x be t(y). Calculate the highest common divisor of b and x.
20
Suppose -3*t + 4*u = -2197, -19*u + 15*u = -8. Calculate the highest common factor of 1617 and t.
147
Let v be (4/(-6))/(5*(-9)/2700). Let d be (-2565)/(-36)*(v/3)/5. What is the highest common factor of d and 20?
10
Let w be ((-654)/9)/(16/(-24)). Let v = -69 + w. Calculate the highest common divisor of v and 16.
8
Suppose 714 = 4*z + 4*f - 1178, -3*f = -11*z + 5133. What is the greatest common factor of z and 273?
39
Let r(a) = -14 - 6*a**2 + 21 + 65*a + 3 + 9. Let n be r(11). Let b(d) = d + 6. Let p be b(-5). What is the highest common divisor of p and n?
1
Let m = -40 + 59. Let v(x) = 3*x**2 + 30*x - 25. Let l be v(-18). Let i = l + -236. What is the greatest common divisor of i and m?
19
Suppose -32*w - 18 = -34*w. Suppose 4*g + w = 33. Let j = 1 - -53. Calculate the highest common factor of j and g.
6
Let x be ((-8)/(-52)*13)/4*130. What is the highest common divisor of x and 9568?
13
Suppose 0 = t + s - 1, 15*s - 14*s - 11 = -3*t. What is the greatest common factor of 51 and t?
1
Let w = 1953 + -1809. What is the highest common divisor of 312 and w?
24
Suppose 42 = x + 28. Suppose 13*l - 3 = -3. Suppose -x*s + 56 = -l*s. Calculate the highest common factor of 28 and s.
4
Let m be 578 + 1 + 7/7. Let y = -564 + m. What is the highest common divisor of 464 and y?
16
Let v(c) = -7*c - 30. Let o(m) = m**2 - 17*m + 43. Let f be o(13). Let w = 3 + f. Let x be v(w). Calculate the greatest common factor of x and 1.
1
Let g(h) = 2*h + 1. Let i be g(3). Let w(y) = 7*y**3 + 190*y**2 + 5*y - 118. Let r be w(-27). What is the greatest common factor of i and r?
7
Suppose -4*d + 3*r + 72 = 0, -15*r + 12*r - 12 = 0. Suppose -41 = -y + d. What is the highest common divisor of y and 7?
7
Suppose -6*m - 13 = -91. Let b be 210/28 + (-3)/2*-1. Let o = 48 - b. Calculate the highest common factor of o and m.
13
Let k = 3300 - 2994. What is the highest common divisor of 15 and k?
3
Suppose -3*a - 21 = -w, 0 = -a - 1 - 1. What is the greatest common factor of w and 885?
15
Let y = 111 - 118. Let u be (-6 - (-12 - y))/(1/(-30)). Calculate the highest common divisor of 75 and u.
15
Let r be 142*(0 - 11/(-22)). Let o = r + -53. Suppose y = -4*y + 45. Calculate the greatest common factor of y and o.
9
Suppose 252 = -89*y + 96*y. Let g be (2 - (-1 - -60))*(-24)/y. What is the highest common divisor of 209 and g?
19
Let j be (-1)/((-1)/(-14))*(-1349412)/5663. What is the highest common factor of 4 and j?
4
Suppose -15*v + 11*v = 4*h - 2648, 4*h = v - 642. Calculate the greatest common factor of 98 and v.
14
Let h = 151 - 111. Let r = h + -40. Suppose r = -11*a - 19 + 327. Calculate the highest common factor of 42 and a.
14
Suppose s + 3 = -m, -2*s - 4 = m - 0. Let o(w) = 18*w**2 - 6*w - 6. Let a be o(s). Let p be 51/(3 + -2) + 3. Calculate the greatest common divisor of p and a.
18
Let l be 12/30*40 + 8 + -7. What is the greatest common factor of 119 and l?
17
Let d be 4*(-15 + 15 + 1) - (-150 - -1). What is the highest common factor of 85 and d?
17
Let y(z) = 18*z**2 + 1353*z + 226. Let m be y(-75). Let k(f) = 2*f**2 - 1. Let o be k(4). What is the greatest common divisor of m and o?
1
Suppose 5*m - 685 = 5*n, 12*m + n = 8*m + 563. Calculate the highest common divisor of 1330 and m.
70
Suppose -13*w + 4580 - 134 = 0. Calculate the greatest common factor of w and 24054.
114
Let i = -177 + -175. Let f = -298 - i. What is the highest common divisor of 558 and f?
18
Let u = 250 - 40. Let q(a) = 13*a**3 + 3*a**2 + 5*a - 7. Let y be q(1). Calculate the greatest common divisor of u and y.
14
Let j be (-3 + 5)*6/4. Let q be (-14)/(-4) + j/(-6). Suppose -13*a - 233 + 404 = 6*a. Calculate the greatest common divisor of q and a.
3
Let s = 53 + -47. Let m(i) = -i**3 + 7*i**2 + i. Let p be m(s). What is the highest common divisor of 21 and p?
21
Let d(t) = 14*t - 420. Let a be d(43). Calculate the greatest common factor of 56 and a.
14
Let s = -5118 + 9397. What is the highest common factor of 11 and s?
11
Let k be (-5)/(-2)*(-36)/(-5). Let j = k + -12. Let y be (10/(-15))/(j/(-117)). What is the greatest common factor of y and 26?
13
Let k = 1692 + -1694. Let p(h) = -h**3 + 8*h**2 - 5*h - 3. Let a be p(7). Let y = a + k. Calculate the greatest common factor of 18 and y.
9
Suppose 3*k - 4*n = 6*k - 3580, 5*k - 4*n - 5988 = 0. What is the greatest common divisor of k and 23?
23
Suppose -93 = -11*q + g, g = 3*q - 0*q - 29. Calculate the greatest common divisor of 452 and q.
4
Let n be 13 + 341/(-11) - -8256. What is the greatest common divisor of 6 and n?
6
Let b be ((-686)/(-147))/((-101)/468 - (-4)/18). What is the highest common factor of b and 56?
56
Let c(f) = 3*f + 9. Let m be c(6). Suppose 23*n = m*n - 76. Suppose 0 = 9*k - 18*k + 684. Calculate the highest common factor of k and n.
19
Let r(z) = z**3 + 66*z**2 + 730*z + 55. Let p be r(-23). What is the greatest common divisor of 180 and p?
36
Suppose -4 = 4*a - 2*d, 4*a - 3*d = -7*d - 16. Let t(o) = 95*o**2 - 5*o + 1. Let i be t(a). Calculate the highest common divisor of 23 and i.
23
Suppose -3*o + 8*o = 855. Let i(y) = y**2 - 6*y - 31. Let n be i(10). Calculate the highest common divisor of n and o.
9
Let b = 37 - 37. Suppose 15*z - 13*z - 84 = b. What is the highest common factor of z and 105?
21
Suppose -882*s = -885*s + 120. Calculate the greatest common divisor of 11260 and s.
20
Let p be 54/14 - (-14)/98. Let u be 0/(p - (5 - 2)) - -13. Let a(g) = 2*g**2 + 2*g + 1. Let w be a(-3). What is the highest common factor of u and w?
13
Let a be 8/14 + 9/21. Let z be (((-7)/(-6))/(-7))/((-2)/12). Calculate the greatest common factor of z and a.
1
Let l(x) = x**3 + 7*x**2 - x - 3. Let k(d) = 2*d**2 + 7*d - 22. Let t be k(-5). Let w be l(t). Calculate the highest common factor of 76 and w.
4
Suppose -4483 = -36*o - 29*o + 392. Calculate the greatest common factor of o and 60.
15
Suppose -3*k = -y - 587, -y - 195 = -2*k + k. Suppose -1497 + 636 = -78*o + 1323. Calculate the greatest common divisor of k and o.
28
Let c(j) = 110*j - 626. Let w be c(11). What is the highest common factor of 657 and w?
73
Let j = -916 - -9297. Calculate the greatest common factor of 29 and j.
29
Let j = -5600 - -5698. Calculate the highest common divisor of 8106 and j.
14
Let n be 91 - 15*(-28)/(-70). Calculate the highest common divisor of n and 680.
85
Suppose 71*f - 17809 = 9875 + 22158. Calculate the greatest common factor of 540 and f.
54
Let q be 120/(-420) - (-13822)/14. Calculate the greatest common divisor of q and 282.
141
Let i(d) = -76*d**2 - 8*d - 11. Let t be i(-3). Let g = -178 - t. Calculate the highest common divisor of g and 34.
17
Let q(c) = -15*c - 22. Let d be 64/(-3) + 2/(-3). Let n be 194/d + (-2)/11 - -3. Let a be q(n). What is the greatest common factor of 34 and a?
34
Let q(g) = -g**2 - 12*g - 16*g - 33 + 15*g. Let z be q(-8). Calculate the highest common factor of 49 and z.
7
Let w be (-12)/(-28) + 26168/28. Calculate the highest common factor of w and 440.
55
Let a be (-8)/12*-3 - -2. Suppose -a*q = 2*w - 8, 3*w = 8*w - 5*q - 5. Let h be ((-1)/(-2))/(w/4). Calculate the greatest common factor of h and 9.
1
Let a(y) = -3*y + 41. Let u = -366 - -353. Let c be a(u). What is the highest common divisor of 20 and c?
20
Let k(s) = s**2 - 11*s - 19. Let p be k(20). Let b = 256 - p. Calculate the greatest common factor of 5 and b.
5
Suppose -47*n = -46*n + 5. Let c be 16/(2*n/10). Let m = 38 - c. Calculate the greatest common divisor of 6 and m.
6
Let v be 10/(-15)*111/(-2). Suppose 3*h + 5772 = 23*h + 32*h. Calculate the greatest common factor of h and v.
37
Suppose -58*v + 37444 = 16*v. Calculate the highest common divisor of 528 and v.
22
Let h(v) = 68*v + 56. Let y be h(-7). Let t = 443 + y. What is the greatest common divisor of 529 and t?
23
Suppose 8*o - 126 = 5*o. Suppose 9*n - 5 - 40 = 0. Suppose -h + m = -2*h + 9, h = -n*m + 21. Calculate the greatest common divisor of h and o.
6
Let i = -9151 - -9376. What is the